- r. Calculate the highest common factor of 6 and m.
6
Suppose 0 = 178*b - 7*b - 15*b - 39312. Calculate the greatest common factor of b and 616.
28
Suppose 17 = -4*i - 43. Let y be (-3366)/i + 4/(-10). Suppose 0*f + 2*f - 92 = -3*s, 5*s + 4*f - 152 = 0. Calculate the highest common divisor of y and s.
32
Let x = -2079 - -2267. What is the greatest common divisor of 3572 and x?
188
Let i be ((-29)/(-10) - (-2)/(-5))/(197/64222). What is the highest common divisor of i and 1141?
163
Let t = 656 + -164. Calculate the greatest common factor of t and 2.
2
Let u(n) = -n**2 - 5*n + 27. Let t be u(-9). Let r be ((-1)/(t/528))/((-56)/(-84)). Calculate the highest common factor of r and 110.
22
Suppose 2*o = 4*a - 232, -o - 4*a - 58 = 34. Let p = 108 + o. Suppose p*u + 108 = u. What is the greatest common factor of u and 12?
12
Suppose -3 = d + n - 9, -3*n = 5*d - 26. Let j = 13 + 171. Calculate the greatest common factor of d and j.
4
Suppose -6*f + 2304 = 6*f. Let k be (16/10)/(4 + (-531)/135). What is the greatest common factor of f and k?
24
Let p = -152 + 2. Let h = p + 154. What is the greatest common factor of h and 16?
4
Suppose -3097 = -12*v - 97. What is the highest common divisor of 18 and v?
2
Let h be (-362)/2*(-5 - (-36)/8)*166. Calculate the greatest common divisor of 181 and h.
181
Suppose -7266 = -50*s + 8*s. Suppose 0 = -5*l + 2*f + s, 32*l - 5*f - 185 = 27*l. What is the highest common factor of 132 and l?
33
Suppose -3*u - 2*u = 2*f - 753, f = 2*u - 294. Suppose -11*i = -u + 17. What is the highest common divisor of i and 18?
6
Suppose -18*w + k = -26*w + 1350, -5*k + 534 = 3*w. Let n(l) = 4*l - 2. Let h be n(2). What is the highest common factor of w and h?
6
Let l(i) be the first derivative of -i**2 + 33*i + 112. Suppose -31 = -5*c - 1. Let d be l(c). Calculate the greatest common factor of 21 and d.
21
Let d = -3 + 15. Suppose -3114 = -d*i - 354. What is the highest common factor of i and 10?
10
Suppose 73*o - 59*o - 56 = 0. Let j = 30 + -28. Suppose -2*d + d = -j. Calculate the highest common divisor of d and o.
2
Let t = 41 + 19. Let r = t + -32. Suppose 4*u = k + 276, u - 3*k = -4*k + 74. Calculate the greatest common divisor of r and u.
14
Suppose -g - 135 = -3*l, 0 = l + 3*l - 4*g - 180. Suppose -5*v = -16 - 59. Suppose p + v = 33. Calculate the highest common factor of l and p.
9
Let r(i) be the second derivative of -8*i**3/3 - 26*i**2 - 72*i. Let n be r(-5). Let a = -16 + 23. Calculate the highest common factor of a and n.
7
Let u(y) = 1352*y + 6250. Let t be u(0). What is the highest common factor of 50 and t?
50
Let f = 170 - 192. Let r(q) = -2*q**2 - 47*q - 42. Let p be r(f). Let w be -1 + -1 + -3 + 61. Calculate the greatest common divisor of w and p.
8
Let g be (6 - (1 + 0)) + -1. Let w be 0 - (-29 + -7 + g). Let f = -1278 - -1280. Calculate the highest common factor of w and f.
2
Suppose 2*d - 6364 = -w, 913*d - 6370 = 911*d - 2*w. What is the highest common divisor of d and 66?
11
Let m = 73 + -68. Suppose -122 + 677 = m*c. Let w(f) = -6*f + 49. Let p be w(2). Calculate the greatest common factor of p and c.
37
Suppose -5*o + 160*p + 924 = 164*p, -4*o - 5*p = -732. What is the highest common divisor of 8 and o?
4
Let u(a) = 283*a + 4004. Let x be u(-14). Calculate the greatest common factor of x and 2877.
21
Let y(t) = 69*t + 32. Let a be y(5). Let i be 33 - (2 + 1/(5/10)). What is the highest common divisor of a and i?
29
Let w(t) = t**3 - 26*t**2 + 23*t + 39. Let l be w(25). Let g(b) = b + 23. Let z be g(l). Let j = -14 - -50. Calculate the greatest common factor of z and j.
12
Let g(b) = 15*b**2 - 213*b + 170. Let s be g(30). Calculate the highest common divisor of 39 and s.
13
Let z(a) = a**2 + a. Let g(l) = -4*l**2 - 10*l + 66. Let p(u) = -g(u) - 3*z(u). Let x be p(14). Calculate the greatest common factor of x and 171.
57
Let i be -91 + (-5)/(10/4). Suppose 2*b - 72 = -22*n + 24*n, 4*n = b - 135. Let m be 4/22 + i/n - -3. Calculate the highest common divisor of 30 and m.
6
Suppose 0 = 7*c - 4*c - 57. Let l = c - -6. Let r = -536 - -561. Calculate the greatest common divisor of r and l.
25
Let o(k) = 59*k**3 - 34*k**2 + 33*k + 1. Let c be o(1). Suppose 0 = -f + 47 + 12. What is the greatest common divisor of c and f?
59
Let w(r) = 10*r**3 + 2*r**2 + 2*r - 4. Let t be w(2). Let g be 9 + (-1)/(-3) + (-5)/(-3). What is the highest common divisor of t and g?
11
Suppose -4*r + 4*j + 1134 = 2*j, -9*j - 511 = -2*r. Suppose 14 + 0 = 2*v. What is the greatest common divisor of r and v?
7
Let z = 0 + 17. Let f = z + -8. Suppose 0 = -5*d + 3*w - 7338 + 7905, -6*d + 4*w + 690 = 0. Calculate the greatest common factor of d and f.
9
Suppose -j - 23 + 127 = 0. Suppose -3*x + j = 743. Let g = x - -373. What is the greatest common factor of g and 20?
20
Let v = -8 - -41. Suppose 5476 = 3*j + 4*h + 5121, 476 = 4*j + 4*h. Calculate the greatest common factor of v and j.
11
Suppose 3*w = -6 - 6, -w = 5*d - 376. What is the greatest common factor of d and 92?
4
Suppose -2*n + 4*n + 356 = -2*m, -5*m - 881 = 2*n. Let s = -142 - m. What is the highest common divisor of 429 and s?
33
Let c(p) = 346*p + 6292. Let g be c(-18). Suppose -3*i = q - 93, -4*i - q + 61 = -2*i. What is the greatest common factor of g and i?
32
Let m be (4/6)/(2513/(-252) - -10). Suppose -1217 + 8609 = m*p. Suppose -4*z + 140 = z. Calculate the greatest common factor of z and p.
28
Let v(d) = d**3 + 81*d**2 - 115*d - 2436. Let z be v(-82). Calculate the highest common divisor of 70 and z.
10
Suppose 3*w = 4*r - 442, -2*r - 2*w - 556 = -7*r. What is the highest common factor of 464 and r?
16
Suppose -36 = -3*a - b, 0*b + 12 = a - 5*b. Suppose -24 = -w - w. What is the highest common divisor of a and w?
12
Suppose 4*y - 14 = j - 42, -y - 112 = -2*j. Suppose -64 = -2*m + 632. Calculate the greatest common factor of j and m.
12
Let m be 1281112/252 + -5 + 94/18. What is the highest common factor of 41 and m?
41
Suppose -l + 0*l = 4*a + 98, 2*a + 314 = -3*l. Let w = l + 159. What is the greatest common factor of w and 53?
53
Let m(c) = -c**3 + 22*c**2 - 41*c + 23. Let x be m(20). Suppose -t = -o - 2*t + 285, -x*o = -4*t - 876. What is the greatest common divisor of 9 and o?
9
Let f(h) = -h + 4. Suppose 11*w = 8*w - 6. Let y be f(w). Let u be (8964/42)/9 + (-2)/(-7). What is the highest common factor of u and y?
6
Let y = 1104 - 984. What is the highest common divisor of 160 and y?
40
Let a be (8 + -9)/(-1 - 0). Let k = 8540 + -8535. What is the greatest common factor of k and a?
1
Let x(z) = z**3 - 5*z**2 - 4*z + 1288. Let h be x(0). Calculate the highest common divisor of 112 and h.
56
Suppose 8*i + 30 = 18*i. Suppose -4*u = -p - 116, 5*u - i*u - 2*p = 64. What is the greatest common divisor of u and 98?
14
Let n = -16042 + 16369. What is the highest common factor of n and 2507?
109
Let f(p) = -3*p + 236. Let y be f(57). Suppose 4*t = k + 3*k - 1492, -1139 = -3*k - 2*t. What is the greatest common factor of k and y?
13
Suppose -3*p + 3*l + 3210 = 0, -8*l + 1040 = p - 3*l. Calculate the greatest common divisor of p and 142.
71
Let a = -318 - -373. Let o be 10/(-6)*(2 - 5). Suppose -3*r = -o*w - 53, -2*r - 4*w + 0 = -6. What is the highest common factor of a and r?
11
Let g(b) = 105*b + 16237. Let z be g(-154). Calculate the highest common divisor of 32 and z.
1
Let u be -2*((-186)/36 - (-8)/(-6)). Let q = -24 + 48. Suppose -u*f = -14*f + q. What is the highest common divisor of f and 32?
8
Let p(f) = 5*f**2 - 4*f + 2. Let s be p(3). Let y = 190 - s. Suppose m = 4*q - 119, -2*q + 3*q - 16 = 3*m. Calculate the highest common factor of q and y.
31
Suppose 0 = -2*j + 10, c - 13 = -2*j + 32. Let p be 10/((-50)/c) - -73. Calculate the greatest common factor of 88 and p.
22
Suppose -8*j - 147*j = -620. Let x be 10*(-1)/(5/(-142)). What is the highest common divisor of x and j?
4
Let a be -8 + -3 - (-12 - (-18)/9) - -7 - -490. Suppose 57 = 4*y + 3*z - 8*z, 3*y + 1 = -5*z. Calculate the greatest common divisor of a and y.
8
Let x(k) = 9*k**2 + 3*k - 1. Let b(s) = -s**3 - 25*s**2 - 5*s - 124. Let c be b(-25). Let a be x(c). Calculate the greatest common divisor of 44 and a.
11
Suppose 8*j = j + 28. Suppose w = -j*q + 2*q + 84, q + 273 = 3*w. Calculate the highest common d